= 267*k - 17 + 21 + 9 + 21. Is p(5) prime?
False
Suppose -73 - 27 = -10*x. Let z(v) = 9*v**2 - 11*v - 37. Is z(x) a composite number?
True
Suppose 5*r + 0*z + 195 = -5*z, 4 = z. Let y = 15 + r. Is (-8904)/y + -1*1 a prime number?
True
Suppose -11*m - 897352 = -4*d - 7*m, -d + 224332 = -4*m. Suppose 12*b - 25056 = d. Is b composite?
True
Let c be 758 - 5*(0 - -1). Suppose 0 = 4*x - y - 11, -4*x + 5 = -0*y + y. Suppose -x*q - c = -3*w - 0*w, 4*w - 1015 = -q. Is w a prime number?
False
Let q be (12/(-30))/(((-12)/15)/4). Is ((-6)/((-6)/1619))/(q/10) a composite number?
True
Let h = -690065 + 1361388. Is h composite?
False
Let s = -350 + 679. Is s prime?
False
Is (3213/54)/17 - (-409502)/4 a prime number?
False
Let p(h) = h + 5 + 2*h + 11*h**2 + 3*h + 0 + 10*h**2. Is p(-22) prime?
True
Suppose -22 = -0*x - 2*x. Is ((-967)/(-1))/(x/55) prime?
False
Suppose 11*w - 16990 + 435 = 0. Suppose 6041 = 4*g - q, -w = 4*g - 5*g + 2*q. Is g composite?
False
Suppose -1503*v = -1490*v - 752401. Is v composite?
True
Let r(w) = -3 + 1 + 10258*w**2 - 3808*w**2 - w + 2*w. Is r(1) composite?
False
Suppose 583969 = 3*g - 4*v, 10*g - 5*g - 4*v - 973287 = 0. Is g a prime number?
True
Let z = -3064 - -7915. Suppose 0 = -5*w + z + 5439. Suppose -f - 168 = 3*b - w, 0 = 4*b - 2*f - 2530. Is b prime?
True
Let g(t) = -28*t**3 - 13*t**2 + 45*t + 881. Is g(-12) composite?
False
Is (731 - 4/(2 - 1))*(66 - 19) a prime number?
False
Let z(b) = -9172*b - 79. Let g be z(4). Let p = -21060 - g. Is p composite?
True
Is 2*6/28 + 15 + 18024852/84 a composite number?
True
Suppose 6*i - 168636 = -0*i. Let o = -16803 + i. Is o composite?
True
Let f = 356239 + -220196. Suppose 4*r - 53117 = -5*a + 55747, 5*r - 3*a = f. Is r prime?
True
Suppose -4*q + 341 = j - 656, q - 3*j = 259. Let m = q + 74. Suppose 5*f - 1641 = m. Is f prime?
False
Let r(x) = 3*x**3 - 2*x**2 + 8*x - 2. Let y(i) = -2*i + 19. Let c be y(8). Suppose -3*f + 18 = 4*n - c*n, -2*n - 5*f + 33 = 0. Is r(n) a composite number?
True
Let p = 79 - 69. Suppose 4*f = -p*o + 5*o + 46640, 4*f + o - 46656 = 0. Suppose -f = -4*q - q. Is q a composite number?
False
Is -497685*((-44)/(-48) + -1 + 12/(-48)) composite?
True
Let r = -63534 + 92506. Suppose -103*q + r = -99*q. Is q a composite number?
False
Let g = -1211906 - -1852765. Is g composite?
False
Suppose 3282*y - 3277*y + 5*j - 12329435 = 0, 0 = y + 3*j - 2465879. Is y composite?
False
Let j be 3/(-6) - 70/(-20). Suppose 4*f + 42 = -j*f. Is (-1942)/(-4) + 3/f a composite number?
True
Is ((-20)/(-8) + 4713591/(-2))/(1 + -2) a prime number?
True
Let b(x) = -2*x - 9. Let h be b(4). Let f = 20 + h. Is (-2)/(-4*f/1422) composite?
True
Suppose 156*o = 132*o + 2888232. Is o a prime number?
False
Let l = -152 - -156. Is 37*(l - 3 - -12) prime?
False
Let c(q) = -8*q**3 - 78*q**2 - 17*q - 76. Is c(-33) composite?
False
Let u = 74462 - 41848. Suppose 0 = -2*g - 0*g + u. Is g prime?
False
Is (-30)/(-80) - 5078580/(-32) - 7*1 prime?
True
Let z(h) = -270*h**3 + 7*h**2 + 12*h + 66. Is z(-5) a composite number?
False
Suppose -p - 4*c = 7 + 52, -p - 45 = -3*c. Is (17/p)/((-2)/4254) - 0 composite?
False
Suppose -83226 = -4*y - 2*z, -13*y + 8*y + 104031 = 4*z. Is y a prime number?
True
Is (-1)/(-6) + (-805)/(-420)*71702 a composite number?
True
Let x = -9 - -11. Suppose 3*s = -5*d + 12, 6*d - 2*d = -x*s + 10. Suppose 3*f = 3*q - 0*q - 24, f = -d*q + 44. Is q a composite number?
False
Suppose 173*a - 28965112 = 85*a. Is a prime?
False
Suppose -3*m = s + 15, 0*s - 5 = -s + m. Suppose s = -11*i + 6*i - 30. Is (-6)/3*(2529/i)/1 prime?
False
Let n be (-1729)/(-39) + 2/3. Suppose -42*u + n*u = 28473. Is u prime?
True
Suppose t - 6141 = 4*o - 41416, 0 = -t + 1. Let r = -5386 + o. Is r prime?
True
Let w be (14/8)/((-5 + 13)/32). Suppose w*j - 2*j = -2*z + 793, -5*z + 2030 = 3*j. Is z composite?
False
Suppose -36 = -g - t, 46*g - 43*g + 4*t = 112. Suppose -g*n + 358949 = -424443. Is n composite?
False
Suppose 3*k + 21*k = 48. Suppose 4*l + 14521 = 3*c, -c = -k*l - 2357 - 2480. Is c a composite number?
True
Let m(s) = s**2 - 3*s - 36. Let u be m(-6). Suppose -23*w + 30 = -u*w. Let k(x) = 86*x**2 + 19*x + 5. Is k(w) prime?
False
Suppose 5*u - 88 = -238. Let l = -25 - u. Suppose -l*y + y + 1060 = 0. Is y a prime number?
False
Suppose 0 = 12*y - 7*y - 40. Let w(p) = -p**3 + 7*p**2 + 10*p - 9. Let s be w(y). Let n(j) = 160*j + 31. Is n(s) composite?
False
Let t be 0/3*(-4)/4. Suppose -4*f = -19 + 7, 2*i - 2*f - 9810 = t. Is (6/18)/(2/i) a prime number?
False
Let d(y) = -170436*y - 53. Is d(-1) prime?
True
Suppose 12*c - 20 = -8. Is -3*17564/(-12)*c a composite number?
False
Suppose 47 = -4*j + 23, 4244933 = 5*o - 3*j. Is o a composite number?
False
Let v(m) = -1 + 2 + 0 + m - 7. Let s be v(8). Suppose 1974 = 4*x - 2*f - 3956, -2947 = -s*x - 5*f. Is x a composite number?
False
Let q = 81 + -73. Suppose 2*d + 4*p - 5676 = q*p, -3*d - 5*p + 8536 = 0. Let t = -1523 + d. Is t a composite number?
False
Suppose 5*d + 347 + 1247 = -3*c, -3*c - 1277 = 4*d. Let k = d + 736. Is k prime?
True
Suppose -143*o + 136*o = -5859. Is (3 - (3 + -4)) + o composite?
True
Let b = 41 + -36. Suppose v - c + 5 = 2, b*c - 11 = v. Is 551*v/(-4)*4 a prime number?
False
Suppose 5*o - 3 = -2*x + 12, 5*x - 3 = -o. Suppose 559 + 592 = g - 3*s, g - 5*s - 1151 = x. Is g a prime number?
True
Let h = 9 + 4. Suppose -h*q = -4*q - 594. Suppose -q = -41*w + 39*w. Is w composite?
True
Let h = 360 - -353. Let c = h - -830. Let s = c - 525. Is s a composite number?
True
Suppose 2*k + 2*x = 4*x - 22882, -2*x + 57190 = -5*k. Let i = k + 16475. Is i composite?
False
Is 2959785/36 + 36/48 + 0 a prime number?
True
Let m(o) = -59*o - 58. Let v(g) be the second derivative of 59*g**3/6 + 59*g**2/2 - 23*g. Let h(n) = -6*m(n) - 5*v(n). Is h(6) a composite number?
True
Let f(b) = 593*b**3 + 6*b**2 - 20*b - 22. Is f(7) a composite number?
False
Let g = -555 - -531. Is (1335/(-5))/(9/g) - -1 a composite number?
True
Let k(c) = 70*c**2 + 53*c - 55. Is k(-24) prime?
True
Let a = -521 - -1646. Suppose 0*j - j + c = -a, 3*c = 5*j - 5621. Is j composite?
False
Is 317624 - -21 - 17/(17/(-6)) a composite number?
False
Suppose -u - 34814 = 5*n - 465735, -4*n - 2154605 = -5*u. Is u prime?
True
Suppose 4*r = 253 + 39. Let b = r - 71. Suppose b*q + 3148 = 4*c, -q + 787 = c - 6*q. Is c prime?
True
Let x(q) = q**3 + 6*q**2 + q - 12. Let o be x(-3). Suppose -3192 = -o*r + 10476. Is r composite?
True
Suppose -55 = -20*w - 155. Is 252 + -2 + 4 + w prime?
False
Suppose x - 24*q - 60 = -20*q, -3*x - 2*q = -152. Is -82*(-44 + x/(-8) + 6) a prime number?
False
Let w be (-8)/(-3)*9/(-6). Let u = 6 - w. Suppose 0 = -u*d + 1060 + 570. Is d a prime number?
True
Let o(x) = 291*x - 18. Suppose 5*m + 17 = 3*f + m, 0 = 2*f - 4*m - 14. Suppose f*l - 3*d = 4*l - 14, l - 4*d = -7. Is o(l) a composite number?
True
Let r = -514 + 503. Is (-2896 + -1)*(10 + r) a composite number?
False
Let c(a) = -a**2 + 50*a - 136. Let l be c(47). Suppose 2*v - p = 4*p + 30902, -61784 = -4*v + l*p. Is v composite?
True
Suppose -p = -5*m - 39 + 17, 2*p = -4*m - 12. Suppose -p*f + 21727 + 415 = 0. Is f prime?
True
Suppose 5*l - 87061 = -5*m + 45814, 132867 = 5*m + l. Is m a composite number?
False
Is (-2)/15 + (11 - (-5354388)/135) prime?
False
Let k(h) = -h**3 + 19*h**2 - 2*h + 20. Suppose 5*s - 129 = -39. Let p be k(s). Suppose 0 = -2*g + p + 118. Is g a composite number?
True
Suppose -4*c - 15 = -o, -4*o + 4*c + 53 = -7. Let f(x) = x**3 - 7*x**2 - 4*x - 18. Let n be f(o). Suppose 2*q = -4*q + n. Is q prime?
False
Suppose -50 = -5*c - 3*f, 24 + 6 = 3*c - 3*f. Let s be -1 + c/14 - 18876/(-14). Suppose s = 39*v - 35*v. Is v a prime number?
True
Suppose 40*m - 93909 = 37*m. Is m prime?
False
Let p be -1 + 1/((-3)/51). Let v(y) be the third derivative of y**6/120 + 17*y**5/60 - 9*y**4/8 - 13*y**3/6 - 167*y**2. Is v(p) a prime number?
True
Suppose 4*v - 167448 = 22*m - 26*m, -4*v = m - 41847. Is m composite?
True
Suppose -j + 11054 + 42861 = 5*v, j = 2*v - 21559. Suppose 27*z - 25*z - v = 0. Is (80/15 - 5)*z a prime number?
False
Is (58651 - 64/(-16))/1 a composite number?
True
Suppose -80915 = -57*b + 112*b - 60*b. Is b prime?
True
Suppose -2*c - 12566 - 53092 = 2*s, -2*s = 3*c + 65663. Is (-8)/((-48)/2) + s/(-6) pri